 = -83 - d. Suppose 2*r + 74 - b = 0. What is the units digit of r?
1
Let v = -1 - -15. Suppose 0 = 4*z + 2 - v. Suppose -z*s + 128 + 15 = 5*d, -4*s = d - 32. What is the tens digit of d?
2
Suppose -8*l = 12 - 20. Let i be 106/(-9) - ((-8)/(-36))/l. What is the tens digit of (184/i)/(2/((-18)/3))?
4
Let q(n) = n + 48. Let x be q(-10). Let f = x - 33. Suppose -2*c + w = -66, f*c - 145 = -4*w + 20. What is the tens digit of c?
3
Let n(r) = -r**3 + 5*r**2 + 2*r - 5. Let u be n(5). Suppose 2*x = -u*x - 1701. Let i = x + 358. What is the tens digit of i?
1
Let t be 27/6*2 + 6 + -4. Let i be (-1)/(1/(-2 - t)). Suppose i*y = 11*y + 450. What is the units digit of y?
5
What is the hundreds digit of (-269992)/(-64) - 10/((-960)/36)?
2
Suppose 0 = 4*g + 5*y - 61353, 2*g + y = 42560 - 11891. What is the ten thousands digit of g?
1
Let a(k) = -k**3 + 18*k**2 + 28*k. Let j be a(19). Let p be 0/(-4) + j + -3. Let l = p + -97. What is the tens digit of l?
7
Let z = 1986 + -589. Let j = -912 + z. What is the units digit of j?
5
Suppose 0 = 5*a + 3*l - 39355, 2156 + 13586 = 2*a - 3*l. What is the tens digit of a?
7
Let t(f) = 2*f**3 - 27*f**2 - 27*f + 133. What is the thousands digit of t(19)?
3
Suppose 0 = -11*q - 66*q + 288211. What is the hundreds digit of q?
7
Suppose 46*x = 17*x + 302499. What is the thousands digit of x?
0
Suppose 2*l = -3*g + 18, 4*g - 5*l = -3*l + 10. Let m be 4/10 - g/10. Suppose m = -3*n - n + 292. What is the tens digit of n?
7
Suppose 3*w + 150 = 4*g, 0 = g + 2*g. Let l = w + 50. Suppose l*s + 6*s = 72. What is the tens digit of s?
1
Let h(y) = -69*y - 5. Let k be h(-4). Let u = 522 - k. Let v = u + -32. What is the hundreds digit of v?
2
Let b(l) = 13*l**2 + 347*l + 55. What is the hundreds digit of b(-65)?
4
Suppose -7*p - 2 = -9. What is the hundreds digit of (-2982)/(-6) - p*-1?
4
Suppose -21*n + 45 = 3*h - 18*n, 5*h = -3*n + 75. What is the tens digit of (53 + 5 + -10)*1*h?
2
Let x = 95 + -91. Suppose -4*o + 549 = 5*c, -257 = -2*o + 5*c - x*c. Suppose 133*s = o*s + 346. What is the hundreds digit of s?
1
Suppose 26 = 4*s + 5*c, -3*c + 0 = -2*s + 2. Suppose x = s*x - 36. Suppose g = -x + 110. What is the units digit of g?
8
Let h be (1*1/3)/((-1)/(-471)). Suppose -h*o + 160*o - 3 = 0. What is the hundreds digit of (976/40)/(1/(o + 4))?
1
Let z(c) = 2515*c - 1770. What is the hundreds digit of z(7)?
8
Suppose 1 = s + 2*j + 5, 5*j = -3*s - 14. Let z be s/(-2)*(4 - 2). Let m = 21 + z. What is the units digit of m?
9
Let b(q) = q**2 - 3*q - 2. Suppose 4*u + 31 + 21 = -4*c, 0 = 3*u + 4*c + 44. Let g be ((-1)/3)/(u/168). What is the units digit of b(g)?
6
Suppose -3*d = 3, -3*a + 3*d + 43 - 10 = 0. What is the units digit of ((-156)/a)/((-4)/70)?
3
What is the thousands digit of 16295 + -45 + (-23 - -47)?
6
Let q be -28*(32/(-1) + -1). Suppose 4*l - m = 3, 363*l - 361*l + 3 = -m. Suppose 7*n = -l*n + q. What is the units digit of n?
2
Let v(k) = -226*k - 45. Suppose 0 = -23*t + 3*t - 100. What is the thousands digit of v(t)?
1
Let v(i) be the first derivative of -5*i**2/2 - 20*i - 19. Let l be v(-5). Suppose l*u - 81 = 184. What is the units digit of u?
3
Let q(i) = 15*i**2 + 6*i + 8. Suppose -15 = 18*x + 3. Let z be 1/(-2)*(-5 - x - -12). What is the tens digit of q(z)?
2
Let l(q) = 26*q**3 - 10*q**2 + 5*q + 2. What is the units digit of l(1)?
3
Let o = -8178 + 15380. Suppose -4*g - 782 = -o. What is the tens digit of g/18 - 4/24?
8
Let v(q) = -6*q**3 - 17*q**2 - 62*q - 429. What is the thousands digit of v(-12)?
8
Suppose 18*u + 64346 = 347108. What is the ten thousands digit of u?
1
Suppose 39636 + 27044 = 5*v + 5*s, 6*v + 5*s - 80023 = 0. What is the ten thousands digit of v?
1
Suppose 2*o = d - 1676, 2*o = 5*d - 3*o - 8365. Suppose -343 = 3*j + 5*y - 1563, 2*y = 4*j - d. What is the tens digit of j?
1
Let f(h) = -h**3 + 27*h**2 + 435*h - 7. What is the hundreds digit of f(29)?
9
Let p = 10 + -7. Suppose 0 = -4*y + 12, p*y - y = f + 13. What is the tens digit of -106*(-1 - -4 - f/(-2))?
5
Suppose -d - 3*h - 3 = 0, 4*h + 31 + 3 = 2*d. What is the units digit of (-4)/10 - (2954/(-35) - d)?
3
Let m(h) = 4*h - 1 - 49*h + 28*h - 90*h - 4. Let r(l) = l. Let p be r(-2). What is the tens digit of m(p)?
0
What is the tens digit of ((-48)/14)/((-1086)/641102)?
2
Let b(a) = a + 8. Let h be b(-13). Let n(v) = -v. Let o(g) = -6*g + 17. Let d(y) = -4*n(y) + o(y). What is the units digit of d(h)?
7
Let p(i) be the second derivative of 1/12*i**4 - 19/2*i**2 + 4/3*i**3 + 0 - 16*i. What is the units digit of p(10)?
1
Let w = 74 - 143. Let a = 72 + w. What is the hundreds digit of (-5)/((-20)/856) + -2 + a?
2
Suppose -3*r + 287 + 118 = 0. Suppose -4*q + r = -5*l + 319, -q = 4*l - 143. What is the units digit of l?
6
Suppose 6*z = 9*z + 24. Let r = 22 + z. Let p = 22 + r. What is the tens digit of p?
3
Suppose 155*f - 86*f = 72*f - 165318. What is the thousands digit of f?
5
Suppose -3456 = -18*c + 9*c. Suppose 0 = -10*w + 4*w + c. What is the tens digit of w?
6
Let o(n) = -4*n + 2560. What is the units digit of o(0)?
0
Let i = -10233 - -10251. Let f(b) be the third derivative of b**5/30 - 7*b**4/8 - 29*b**3/3 + b**2. What is the tens digit of f(i)?
1
Suppose -88563 = -18*c + 455108 + 1207. What is the units digit of c?
1
Let d be (-217)/(-28) - (-3)/12. What is the units digit of ((d - 4)/8)/(2/4)?
1
Let c be (-16)/64 - (-17)/4. Suppose -q + n = 1, 2*q = -0*q + 3*n - 7. Suppose 4*r - 276 = c*h, r - q*h = 1 + 77. What is the units digit of r?
6
Suppose 21*j + 4*p - 19 = 20*j, 2*p + 6 = 0. Suppose -58*g + j*g = -31131. What is the hundreds digit of g?
1
Suppose 6*q = 3*q - 3*f - 45, 0 = 2*f. What is the tens digit of (432/q)/(8/(-40))?
4
Let k(b) = b**3 + 14*b**2 + 13*b + 18. Suppose v - 2*v + 3*w = 18, 5*w - 51 = 4*v. Let m be k(v). What is the units digit of ((-8)/(-10) - m/(-30)) + -4?
7
Let p(g) = -27*g + 8. Let c be p(-3). Let r be (-2 - c)*(-6 + 5). Suppose -3*w = -4*i - 179, -2*w - r = -5*i - 222. What is the tens digit of w?
5
What is the hundreds digit of (73504/80)/((-2 - 3)/(-25))?
5
Let u(f) = 2*f**2 - 5*f - 4. Let g be u(-1). Suppose z - 5*s + 6 = 132, 674 = 5*z - g*s. What is the hundreds digit of z?
1
Let w(a) = 21*a**3 - 5*a**2 + 15*a - 88. What is the thousands digit of w(6)?
4
Let x be (-14)/(-4)*(-40)/70. What is the tens digit of ((-3071)/148)/(x/32)?
3
Let c(g) be the first derivative of -75*g**2/2 + 85*g - 125. What is the units digit of c(-6)?
5
Suppose 3*j - 22 = 2*p - 3*p, 4*j + 5*p - 11 = 0. Suppose j*l - 5468 = 5*l - 2*m, 5*l - 4*m = 6848. What is the hundreds digit of l?
3
Let v = 20006 + 23845. What is the ten thousands digit of v?
4
Suppose -7*g + 2037 = 280. Suppose 15 = -5*c, 3*y - 5*c = g - 5. What is the tens digit of y?
7
Let p(r) = -7*r**2 + 0*r + 53*r**2 + 3*r + 2 - 1. What is the tens digit of p(-1)?
4
Let t be (-485)/(-582) - (-2923)/6. Suppose r + j = -2*j + t, -4*r - 5*j = -1959. What is the units digit of r?
1
Let w = -417 - -4408. Suppose 16*p - 2825 - w = 0. What is the tens digit of p?
2
Let y(n) = 392*n + 2899. What is the hundreds digit of y(130)?
8
Let q = -498 + 1712. What is the thousands digit of 1 + -7 + (q - -59)?
1
What is the thousands digit of 25 + 0 + -7 + 48586?
8
Suppose 5*h + 4*a - 175 = 3*a, 5*a - 195 = -5*h. Let p = h + -28. What is the units digit of ((-15)/(-10))/(p/232)?
8
Let v(u) = 1878*u**2 + 27*u + 74. What is the hundreds digit of v(-3)?
8
Let f(b) = -21*b**2 - 12 + 2*b**3 - 3*b**2 + 18*b + 6. What is the tens digit of f(12)?
1
Let h(j) = 2*j**3 - 18*j**2 + 8*j + 37. Let z(x) = 3*x**3 - 35*x**2 + 17*x + 76. Let a(q) = 5*h(q) - 3*z(q). What is the tens digit of a(-11)?
6
Let q be (-2)/(-7) - (-4552)/(-56). Let y = q - -84. Suppose -3*w - h + 6*h = -368, -15 = -y*h. What is the units digit of w?
1
Suppose 4*z = 3*u + 139563, -44291 = -2*z - 3*u + 25468. What is the hundreds digit of z?
8
Let b(v) = -v**3 - 2*v - 1. Let d be b(-1). Suppose 2*t + 3*m = 308, t + t - 304 = -d*m. Suppose t + 98 = 2*r. What is the units digit of r?
3
What is the ten thousands digit of 87/29*((-3)/(-5) - (-251210)/25)?
3
Let a = 358 - 190. Suppose a = -3*l - 2*h, -2*l - 2*h - 99 = -5*h. Let q = 56 + l. What is the units digit of q?
2
Suppose 7*n = -0*n + 7. Let r(g) = 70*g + 3. Let a be r(n). Suppose 3